 digit of 51785759?
1
What is the units digit of 50895259?
9
What is the hundred millions digit of 2010015802?
0
What is the hundred thousands digit of 1138367997?
3
What is the hundred millions digit of 173778760?
1
What is the hundreds digit of 6796991209?
2
What is the thousands digit of 81329491?
9
What is the hundreds digit of 458739548?
5
What is the hundreds digit of 244448225?
2
What is the ten millions digit of 31944053?
3
What is the thousands digit of 1377401348?
1
What is the hundred thousands digit of 117767956?
7
What is the ten thousands digit of 270788487?
8
What is the ten thousands digit of 1357187430?
8
What is the millions digit of 8118372?
8
What is the hundreds digit of 410302464?
4
What is the millions digit of 952654855?
2
What is the units digit of 178524413?
3
What is the hundreds digit of 47622116?
1
What is the hundreds digit of 59381330?
3
What is the billions digit of 1041413119?
1
What is the tens digit of 810206168?
6
What is the ten thousands digit of 3773045?
7
What is the hundreds digit of 136736092?
0
What is the tens digit of 439572579?
7
What is the hundred millions digit of 2580415885?
5
What is the millions digit of 60824740?
0
What is the ten millions digit of 48142047?
4
What is the units digit of 601282394?
4
What is the hundred thousands digit of 1695040710?
0
What is the ten millions digit of 211374739?
1
What is the units digit of 120912123?
3
What is the thousands digit of 345473896?
3
What is the thousands digit of 26763903?
3
What is the millions digit of 49447240?
9
What is the millions digit of 1814665115?
4
What is the thousands digit of 2959365693?
5
What is the thousands digit of 322618613?
8
What is the billions digit of 3445097477?
3
What is the units digit of 25688315?
5
What is the tens digit of 159851554?
5
What is the hundred thousands digit of 218339706?
3
What is the millions digit of 103331071?
3
What is the ten millions digit of 26506515?
2
What is the millions digit of 612345736?
2
What is the millions digit of 26027443?
6
What is the units digit of 72726976?
6
What is the hundred millions digit of 116962527?
1
What is the hundred thousands digit of 287265546?
2
What is the units digit of 250140068?
8
What is the ten thousands digit of 3217779395?
7
What is the hundred millions digit of 204306208?
2
What is the hundreds digit of 99454801?
8
What is the millions digit of 127648952?
7
What is the thousands digit of 56155194?
5
What is the units digit of 56000064?
4
What is the millions digit of 2304719570?
4
What is the ten thousands digit of 1284678879?
7
What is the ten thousands digit of 218689344?
8
What is the thousands digit of 66048241?
8
What is the tens digit of 64530483?
8
What is the ten millions digit of 2190154193?
9
What is the tens digit of 952463815?
1
What is the hundreds digit of 132749517?
5
What is the ten thousands digit of 861535205?
3
What is the units digit of 15102801?
1
What is the millions digit of 549797282?
9
What is the units digit of 888454202?
2
What is the tens digit of 2310490006?
0
What is the billions digit of 1278822906?
1
What is the ten thousands digit of 83691588?
9
What is the millions digit of 1628772533?
8
What is the billions digit of 2589328326?
2
What is the tens digit of 729607974?
7
What is the hundreds digit of 23103560?
5
What is the ten millions digit of 28611111?
2
What is the billions digit of 2325148568?
2
What is the ten millions digit of 45878944?
4
What is the hundred thousands digit of 221404641?
4
What is the thousands digit of 271436628?
6
What is the hundred thousands digit of 3617743209?
7
What is the ten thousands digit of 551953054?
5
What is the ten millions digit of 82116714?
8
What is the ten millions digit of 113019790?
1
What is the millions digit of 22818951?
2
What is the hundred millions digit of 387146623?
3
What is the tens digit of 876854250?
5
What is the thousands digit of 24266375?
6
What is the hundred thousands digit of 1535610030?
6
What is the tens digit of 94664639?
3
What is the ten millions digit of 44506074?
4
What is the hundreds digit of 442654261?
2
What is the ten millions digit of 554580444?
5
What is the units digit of 1859600731?
1
What is the units digit of 1202172447?
7
What is the hundred thousands digit of 1081605683?
6
What is the thousands digit of 1075032402?
2
What is the millions digit of 1161956316?
1
What is the ten millions digit of 49169319?
4
What is the millions digit of 25624885?
5
What is the billions digit of 3144877740?
3
What is the units digit of 114495483?
3
What is the millions digit of 1503074068?
3
What is the ten thousands digit of 105002956?
0
What is the units digit of 163379122?
2
What is the millions digit of 230763345?
0
What is the hundred millions digit of 5695305578?
6
What is the millions digit of 93206025?
3
What is the hundred millions digit of 2430289013?
4
What is the hundreds digit of 6563274687?
6
What is the hundred thousands digit of 14778843?
7
What is the hundred thousands digit of 20129935?
1
What is the hundreds digit of 389433643?
6
What is the tens digit of 773029004?
0
What is the hundred thousands digit of 1378571112?
5
What is the units digit of 222932210?
0
What is the hundreds digit of 1124644252?
2
What is the units digit of 209559918?
8
What is the hundred thousands digit of 48041372?
0
What is the units digit of 183803034?
4
What is the hundred millions digit of 668324971?
6
What is the units digit of 121433123?
3
What is the hundred thousands digit of 258189277?
1
What is the hundreds digit of 36184587?
5
What is the units digit of 7966737?
7
What is the millions digit of 73789763?
3
What is the thousands digit of 8544669?
4
What is the tens digit of 35423878?
7
What is the tens digit of 70852638?
3
What is the ten millions digit of 34512045?
3
What is the millions digit of 18000751?
8
What is the ten millions digit of 16349925?
1
What is the hundred thousands digit of 111490466?
4
What is the hundred millions digit of 1141724773?
1
What is the ten millions digit of 1695041745?
9
What is the billions digit of 3209917263?
3
What is the ten millions digit of 220665435?
2
What is the ten thousands digit of 562326566?
2
What is the hundred millions digit of 546944771?
5
What is the hundred millions digit of 252924889?
2
What is the hundred thousands digit of 33714768?
7
What is the thousands digit of 116304950?
4
What is the millions digit of 35711675?
5
What is the hundred thousands digit of 674427463?
4
What is the hundreds digit of 1405675183?
1
What is the units digit of 110473928?
8
What is the ten thousands digit of 649347244?
4
What is the ten thousands digit of 25727131?
2
What is the hundreds digit of 75880200?
2
What is the ten millions digit of 808240181?
0
What is the ten thousands digit of 1034670586?
7
What is the millions digit of 965565796?
5
What is the millions digit of 33182905?
3
What is the units digit of 503530885?
5
What is the hundred millions digit of 156587276?
1
What is the units digit of 1537302872?
2
What is the ten millions digit of 626989915?
2
What is the ten thousands digit of 1040149813?
4
What is the thousands digit of 3609327713?
7
What is the hundreds digit of 1717446002?
0
What is the hundreds digit of 1110595367?
3
What is the units digit of 45422278?
8
What is the hundreds digit of 182094567?
5
What is the tens digit of 26654657?
5
What is the ten millions digit of 22517197?
2
What is the units digit of 1037214352?
2
What is the millions digit of 136080442?
6
What is the ten thousands digit of 721081706?
8
What is the hundred thousands digit of 354212095?
2
What is the units digit of 1685692619?
9
What is the hundreds digit of 168604345?
3
What is the units digit of 8964612?
2
What is the thousands digit of 133504380?
4
What is the hundred thousands digit of 629717197?
7
What is the ten thousands digit of 614392266?
9
What is the hundred thousands digit of 365991640?
9
What is the hundred millions digit of 141460851?
1
What is the ten thousands digit of 54090843?
9
What is the thousands digit of 56625362?
5
What is the ten millions digit of 41672045?
4
What is the thousands digit of 151088644?
8
What is the ten millions digit of 3141089302?
4
What is the ten millions digit of 239382411?
3
What